{"id":126,"date":"2026-03-14T21:16:53","date_gmt":"2026-03-14T21:16:53","guid":{"rendered":"https:\/\/www.quaranta.tumarcaagencia.com\/?post_type=product&#038;p=126"},"modified":"2026-03-14T21:16:53","modified_gmt":"2026-03-14T21:16:53","slug":"pizza-de-mortadela-y-pistacho","status":"publish","type":"product","link":"https:\/\/www.quaranta.tumarcaagencia.com\/index.php\/producto\/pizza-de-mortadela-y-pistacho\/","title":{"rendered":"Pizza de Mortadela y Pistacho"},"content":{"rendered":"<p>La m\u00e1xima expresi\u00f3n de la charcuter\u00eda italiana. Sobre una base sedosa de alioli de pistacho y queso fior di latte, presentamos finas l\u00e1minas de aut\u00e9ntica mortadela italiana y el toque distinguido del queso grana padano. Una joya gastron\u00f3mica para quienes buscan sabores exclusivos.<\/p>\n","protected":false},"excerpt":{"rendered":"<p>La m\u00e1xima expresi\u00f3n de la charcuter\u00eda italiana. Sobre una base sedosa de alioli de pistacho y queso fior di latte, presentamos finas l\u00e1minas de aut\u00e9ntica mortadela italiana y el toque distinguido del queso grana padano. Una joya gastron\u00f3mica para quienes buscan sabores exclusivos.<\/p>\n","protected":false},"featured_media":82,"comment_status":"open","ping_status":"closed","template":"","meta":{"_acf_changed":false},"product_brand":[24],"product_cat":[22],"product_tag":[],"class_list":{"0":"post-126","1":"product","2":"type-product","3":"status-publish","4":"has-post-thumbnail","6":"product_brand-la-pizzeria-nobile","7":"product_cat-pizzas","9":"first","10":"instock","11":"shipping-taxable","12":"product-type-simple"},"acf":[],"_links":{"self":[{"href":"https:\/\/www.quaranta.tumarcaagencia.com\/index.php\/wp-json\/wp\/v2\/product\/126","targetHints":{"allow":["GET"]}}],"collection":[{"href":"https:\/\/www.quaranta.tumarcaagencia.com\/index.php\/wp-json\/wp\/v2\/product"}],"about":[{"href":"https:\/\/www.quaranta.tumarcaagencia.com\/index.php\/wp-json\/wp\/v2\/types\/product"}],"replies":[{"embeddable":true,"href":"https:\/\/www.quaranta.tumarcaagencia.com\/index.php\/wp-json\/wp\/v2\/comments?post=126"}],"wp:featuredmedia":[{"embeddable":true,"href":"https:\/\/www.quaranta.tumarcaagencia.com\/index.php\/wp-json\/wp\/v2\/media\/82"}],"wp:attachment":[{"href":"https:\/\/www.quaranta.tumarcaagencia.com\/index.php\/wp-json\/wp\/v2\/media?parent=126"}],"wp:term":[{"taxonomy":"product_brand","embeddable":true,"href":"https:\/\/www.quaranta.tumarcaagencia.com\/index.php\/wp-json\/wp\/v2\/product_brand?post=126"},{"taxonomy":"product_cat","embeddable":true,"href":"https:\/\/www.quaranta.tumarcaagencia.com\/index.php\/wp-json\/wp\/v2\/product_cat?post=126"},{"taxonomy":"product_tag","embeddable":true,"href":"https:\/\/www.quaranta.tumarcaagencia.com\/index.php\/wp-json\/wp\/v2\/product_tag?post=126"}],"curies":[{"name":"wp","href":"https:\/\/api.w.org\/{rel}","templated":true}]}}